 45925*b - 91844. Determine a(-2).
-18
Let h(p) = 34009*p + 714165. Give h(-21).
-24
Let c(k) = -8*k**3 + 18*k**2 + 35*k + 62. Calculate c(-4).
722
Let w(g) = 2*g**3 - 44*g**2 + 132*g - 2505. Determine w(22).
399
Let u(w) = -14630*w - 555933. Calculate u(-38).
7
Let k(i) = -9*i**2 - 81*i + 1375. What is k(14)?
-1523
Let u(f) = 98975*f + 197954. Determine u(-2).
4
Let u(o) = -o**3 - 116*o**2 + 100*o - 2074. What is u(-117)?
-85
Let o(a) = -252*a**3 + 45*a**2 + 42*a - 86. What is o(2)?
-1838
Let a(v) = -11*v**2 + 406*v + 1558. Calculate a(-4).
-242
Let f(m) = m**3 - 36*m**2 + 197*m + 68. Determine f(10).
-562
Let f(y) = 2*y**2 + 1682906*y + 3. Give f(0).
3
Let p(r) = -45*r + 1792. Calculate p(48).
-368
Let a(g) = 2*g**3 - 519*g**2 - 2384*g + 2053. Determine a(264).
-59
Let g(z) = 102*z**2 + 149*z - 399. Calculate g(3).
966
Let s(v) = -10875*v - 173985. Give s(-16).
15
Let z(v) = -46777*v + 420995. Calculate z(9).
2
Let n(i) = -44*i**2 + 452*i - 54. Determine n(10).
66
Let c(n) = -2*n**3 - 1162*n**2 - 10303*n - 4006. Determine c(-572).
-2
Let r(s) = 84839*s - 424197. Give r(5).
-2
Let l(p) = 63027*p + 332. What is l(0)?
332
Let m(x) = -80*x**2 + 6000*x - 10. Give m(75).
-10
Let q(h) = 13*h**2 + 926*h + 16463. What is q(-35)?
-22
Let l(a) = -65*a**2 + 135*a + 34437. Calculate l(-22).
7
Let j(i) = i**2 + 246*i - 7684. What is j(-274)?
-12
Let f(w) = -17130*w - 256964. Give f(-15).
-14
Let r(z) = -955*z**2 - 8596*z - 11. Give r(-9).
-2
Let i(z) = -12346*z - 37057. Determine i(-3).
-19
Let r(p) = 215*p**2 + 11*p + 5. Calculate r(-2).
843
Let z(y) = 4192*y - 92249. Calculate z(22).
-25
Let k(l) = 22299*l + 89217. What is k(-4)?
21
Let y(c) = -4*c**2 - 208*c - 2149. Determine y(-17).
231
Let a(n) = -n**2 - 20*n + 781371. Determine a(-894).
15
Let w(k) = -2*k**2 - 235*k - 5318. What is w(-36)?
550
Let l(x) = 7*x**2 + 4150*x + 327849. Determine l(-499).
6
Let o(d) = -989*d**2 - 9891*d - 30. Give o(-10).
-20
Let r(d) = 848*d**2 - 99*d + 103. Calculate r(1).
852
Let q(b) = -107*b - 640. What is q(-13)?
751
Let t(m) = -m**2 - 179*m - 8102. Calculate t(-114).
-692
Let v(k) = -38*k**3 - 750*k**2 + 202*k + 50. Give v(-20).
10
Let b(k) = -23*k**2 - 8447*k - 769950. Determine b(-168).
-6
Let u(l) = l**3 + 210*l**2 - 3349*l - 387. Give u(15).
3
Let g(p) = 3*p**3 + 9*p**2 + 126*p - 35. What is g(-6)?
-1115
Let x(r) = 46*r**2 + 1798*r - 374. Give x(-39).
-530
Let h(u) = -2*u**2 + 264*u - 16866. Determine h(63).
-8172
Let y(m) = -7668*m**2 - 168701*m - 69. Give y(-22).
41
Let b(q) = q**3 - q**2 - 55*q + 95. What is b(-8)?
-41
Let s(f) = 5*f**2 - 465*f + 1872. Calculate s(89).
92
Let n(u) = -451*u + 5509. What is n(9)?
1450
Let m(s) = -s**3 - 5*s**2 + 86*s - 51. Give m(-10).
-411
Let v(q) = 257*q + 7076. Calculate v(-27).
137
Let s(i) = -66*i**2 + 3031*i - 99. Determine s(46).
-329
Let c(z) = -27*z**2 + 5716*z + 37089. Give c(218).
29
Let l(q) = -15*q**3 + 227*q**2 - 29*q - 92. What is l(15)?
-77
Let z(n) = 1223*n + 2360. Calculate z(-2).
-86
Let h(o) = o**3 - 540*o - 455. Calculate h(-23).
-202
Let x(d) = -58*d**3 - 590*d**2 + 7*d - 33. What is x(-10)?
-1103
Let o(q) = q**3 + 320*q**2 - 531*q + 36380. Give o(-322).
-6
Let u(d) = -96*d - 757. Give u(-7).
-85
Let t(n) = -n**3 + 83*n**2 + 616*n + 481. Give t(-6).
-11
Let z(w) = 520*w + 4087. Give z(-8).
-73
Let g(r) = -r**3 - 505*r**2 - 6405*r - 114. Give g(-13).
3
Let j(r) = -r**2 + 50*r + 5585. What is j(-54)?
-31
Let y(j) = -j**3 + 896*j**2 + 24910*j - 296. Give y(-27).
1
Let k(w) = -621*w**2 + 294*w - 294. Give k(1).
-621
Let v(m) = -27*m**2 - 8655*m + 12565. Calculate v(-322).
7
Let j(p) = 70425*p - 70415. Determine j(1).
10
Let t(x) = 72*x**2 + 4433*x - 1823. Determine t(-62).
99
Let m(k) = -4*k**2 - 1268*k - 8689. Calculate m(-7).
-9
Let k(b) = -193*b + 132011. Determine k(684).
-1
Let q(i) = 2*i**2 + 110423*i - 331289. Give q(3).
-2
Let c(t) = -12693*t - 4683735. Determine c(-369).
-18
Let v(f) = -66345*f + 862431. Give v(13).
-54
Let i(n) = 1304*n**2 + 7844*n - 13. Give i(-6).
-133
Let k(f) = f**3 + 295*f**2 + 403*f - 53633. Calculate k(-293).
-14
Let y(h) = -3*h**2 + 313*h + 3748. Calculate y(-11).
-58
Let i(l) = 11676*l - 210382. Calculate i(18).
-214
Let l(s) = -s**3 - 66*s**2 + 23*s - 2159. What is l(-67)?
789
Let w(j) = j**3 + 9*j**2 + 596*j + 4752. Calculate w(-8).
48
Let k(v) = -6270*v - 802555. Determine k(-128).
5
Let k(c) = 8*c**2 + 507*c + 6660. What is k(-45)?
45
Let r(m) = 29*m**2 + 15628*m - 1619. Determine r(-539).
-2
Let p(z) = 200*z + 1365. What is p(-3)?
765
Let g(t) = -87*t - 24223. What is g(-216)?
-5431
Let i(n) = -54*n**2 + 521*n - 161. Determine i(10).
-351
Let k(j) = -6*j**2 - 60*j + 169. What is k(-12)?
25
Let a(q) = 4591358*q - 4591356. Give a(1).
2
Let i(r) = 112*r**2 - 4*r - 591. Calculate i(0).
-591
Let v(i) = 1288*i - 64940. Give v(50).
-540
Let l(w) = -263*w + 39473. Calculate l(150).
23
Let r(g) = -1090*g - 19639. Calculate r(-17).
-1109
Let d(h) = -237637*h - 4515083. What is d(-19)?
20
Let q(s) = -14*s**3 - 2313*s**2 - 506*s - 1821. Give q(-165).
-6
Let o(t) = -t**3 + 14*t**2 - 114*t + 607. Calculate o(7).
152
Let h(m) = 113*m + 25704. Calculate h(-223).
505
Let h(y) = 216931*y - 216942. What is h(1)?
-11
Let g(h) = h**3 - 22*h**2 + 499*h - 9970. Determine g(21).
68
Let m(q) = -10*q**3 + 17*q**2 - 44*q + 15. Calculate m(2).
-85
Let w(z) = 13*z**2 - 55*z + 192. Determine w(4).
180
Let b(k) = -k**3 + 3*k**2 - 14*k + 2917. Calculate b(0).
2917
Let j(g) = -24*g**2 - 637*g + 6369. Give j(10).
-2401
Let c(i) = i**2 - 839*i - 1086252. What is c(-704)?
20
Let y(v) = -10*v**3 - 46*v**2 + 896*v + 3646. Give y(-4).
-34
Let x(f) = -f**3 + 13*f**2 - 667*f + 5241. Calculate x(8).
225
Let w(n) = -n**3 - 163*n**2 + 1149*n - 37636. Calculate w(-171).
-187
Let p(c) = -12001*c**2 - 47999*c + 15. Calculate p(-4).
-5
Let l(k) = 6*k**3 + 114*k**2 + 554*k + 64. What is l(-10)?
-76
Let j(o) = -o**3 - 32*o**2 + 768*o + 7. Determine j(-48).
7
Let t(g) = -28*g**2 - 7203*g + 42329. Calculate t(-263).
-14
Let g(k) = -237*k**2 - 141*k - 8. Determine g(-2).
-674
Let c(v) = -4*v**2 - 351*v + 1233. Determine c(-93).
-720
Let o(i) = -67593*i - 11220434. Give o(-166).
4
Let j(r) = -r**3 + 19*r**2 + 93*r - 2009. Give j(18).
-11
Let j(k) = -98*k - 131. Give j(-5).
359
Let b(h) = -138755*h + 6799001. Give b(49).
6
Let w(t) = -2*t**3 - 77*t**2 + 73*t + 1323. Determine w(-39).
-3
Let m(w) = 1205*w + 5436. Give m(-4).
616
Let t(s) = -3062*s - 2069912. Determine t(-676).
0
Let a(q) = -379*q**2 + 144081*q - 23173. Give a(380).
7
Let m(j) = j**2 + 226*j + 7604. Determine m(-41).
19
Let p(u) = -u**2 - 304*u + 12219. Determine p(-340).
-21
Let b(p) = -5*p**2 + 373*p - 2668. Calculate b(8).
-4
Let f(w) = w**3 + 101*w**2 - 210*w + 927. Calculate f(-103).
1339
Let a(i) = -i**2 - 93*i + 1278. Calculate a(11).
134
Let s(b) = 272*b**3 - 1628*b**2 - 11*b - 24. What is s(6)?
54
Let u(i) = 2066*i - 35091. Determine u(17).
31
Let x(d) = -3*d**2 + 350*d - 4583. Give x(15).
-8
Let c(p) = 12405*p + 24798. What is c(-2)?
-12
Let l(x) = -23*x**2 + 3253*x + 1816. Give l(142).
-30
Let f(y) = -2603*y**2 - 4*y - 50. What is f(0)?
-50
Let b(h) = 340*h + 16831. Calculate b(-49).
171
Let y(h) = 15*h**2 + 117*h - 2. Determine y(-7).
-86
Let m(n) = 7*n**2 - 852*n + 1412. Give m(120).
-28
Let i(c) = -2*c**3 + c**2 + 2713*c - 463. What is i(37)?
-19
Let f(t) = -2640*t - 68634. What is f(-26)?
6
Let g(d) = -d**2 - 13851*d - 2487754. Determine g(-182).
4
Let i(d) = -3500*d + 209988. Give i(60).
-12
Let g(d) = -39*d**2 - 61*d - 205. Determine g(8).
-3189
Let k(d) = -974*d + 9096. What is k(9)?
330
Let d(j) = -109*j**2 - 236*j + 437. What is d(2)?
-471
Let a(i) = 16978*i - 237716. Calculate a(14).
-24
Let g(a) = -182135*a - 1092742. What is g(-6)?
68
Let j(u) = -4*u**3 + 219*u**2 + 1431*u - 181. What is j(-6)?
-19
Let m(x) = -x**3 - 615*x**2 - 34768*x + 4417. Give m(-552).
1
Let i(j) = 4*j**3 - 60*j**2 - 20*j - 26. Calculate i(13).
-1638
Let p(d) = 24*d**2 + 2450*d - 4897. What is p(2)?
99
Let h(l) = 528*l - 8513. What is h(16)?
-65
Let z(h) = 32*h**2 + 151*h - 1150. What is z(5)?
405
Let m(y) = y**3 + 45*y**2 + 331*y + 346. Determine m(-34).
1808
Let i(l) = -2*l**3 + 12*l**2 + 1994*l - 9942. Calculate i(5).
78
Let t(g) = -2*g**2 + 885*g - 11187.